{"id":86,"date":"2021-11-13T23:45:59","date_gmt":"2021-11-13T23:45:59","guid":{"rendered":"https:\/\/kortsomgleder.no\/?page_id=86"},"modified":"2021-12-01T10:19:48","modified_gmt":"2021-12-01T10:19:48","slug":"om-oss","status":"publish","type":"page","link":"https:\/\/kortsomgleder.no\/?page_id=86","title":{"rendered":"Om oss"},"content":{"rendered":"\n<h5 class=\"has-text-align-center wp-block-heading\">Hvem<\/h5>\n\n\n\n<div class=\"wp-block-group alignwide\"><div class=\"wp-block-group__inner-container is-layout-flow wp-block-group-is-layout-flow\">\n<div class=\"wp-block-media-text alignwide is-stacked-on-mobile is-vertically-aligned-center\" style=\"grid-template-columns:26% auto\"><figure class=\"wp-block-media-text__media\"><img loading=\"lazy\" decoding=\"async\" width=\"600\" height=\"401\" src=\"https:\/\/kortsomgleder.no\/wp-content\/uploads\/2021\/11\/IBxPUcsQ-1.jpeg\" alt=\"\" class=\"wp-image-95 size-full\" srcset=\"https:\/\/kortsomgleder.no\/wp-content\/uploads\/2021\/11\/IBxPUcsQ-1.jpeg 600w, https:\/\/kortsomgleder.no\/wp-content\/uploads\/2021\/11\/IBxPUcsQ-1-300x201.jpeg 300w, https:\/\/kortsomgleder.no\/wp-content\/uploads\/2021\/11\/IBxPUcsQ-1-380x254.jpeg 380w\" sizes=\"auto, (max-width: 600px) 100vw, 600px\" \/><\/figure><div class=\"wp-block-media-text__content\">\n<p class=\"has-normal-font-size\">Kort som gleder er et prosjekt av Aila og Frank, en familieduo fra Telemark. Aila har siden 2003 drevet en liten nettbutikk med h\u00e5ndlagte fotokort. <\/p>\n<\/div><\/div>\n<\/div><\/div>\n\n\n\n<h5 class=\"has-text-align-center wp-block-heading\">Hvorfor<\/h5>\n\n\n\n<p>Det finnes s\u00e5 mange fine julekort som ikke blir oppdaget nemlig fordi de er for mange. N\u00e5r man g\u00e5r inn i en typisk butikk for \u00e5 kj\u00f8pe et par julekort utvalget er alt for stort. Dette ofte f\u00f8rer til at man ikke finner noe man liker og kj\u00f8per det som ligger n\u00e6rmest kasse. Men m\u00e5 det v\u00e6re s\u00e5 vanskelig? Hva skjer hvis noen gj\u00f8r jobben for deg og plukker kun de mest fascinerende, peneste kort av h\u00f8yeste kvalitet? Hos kortsomgleder.no finner du kun de mest eksklusive kort som vil garantert falle i smak, kort med &laquo;wow&raquo; faktor.<\/p>\n\n\n\n<h5 class=\"has-text-align-center wp-block-heading\">Hvordan<\/h5>\n\n\n\n<p>I 2020 bestemte Aila at hun skal plukke ut noen kort hun selv liker og pr\u00f8ve \u00e5 selge i egen butikk. Kortsomgleder.no ble resultatet. Alle kortene befinner seg p\u00e5 lageret i Notodden, og kan sendes i l\u00f8pet av 1-2 arbeidsdager, med sporingsnummer.<\/p>\n\n\n\n<p><strong>FOMA Consulting AS<\/strong><br><strong>Tinnesgata 26<\/strong><br><strong>3675 Notodden<\/strong><br><strong>Org: 915 194 583<\/strong><\/p>\n","protected":false},"excerpt":{"rendered":"<p>Hvem Kort som gleder er et prosjekt av Aila og Frank, en familieduo fra Telemark. Aila har siden 2003 drevet en liten nettbutikk med h\u00e5ndlagte fotokort. Hvorfor Det finnes s\u00e5 [&hellip;]<\/p>\n","protected":false},"author":1,"featured_media":0,"parent":0,"menu_order":0,"comment_status":"closed","ping_status":"closed","template":"","meta":{"footnotes":""},"class_list":["post-86","page","type-page","status-publish","hentry"],"_links":{"self":[{"href":"https:\/\/kortsomgleder.no\/index.php?rest_route=\/wp\/v2\/pages\/86","targetHints":{"allow":["GET"]}}],"collection":[{"href":"https:\/\/kortsomgleder.no\/index.php?rest_route=\/wp\/v2\/pages"}],"about":[{"href":"https:\/\/kortsomgleder.no\/index.php?rest_route=\/wp\/v2\/types\/page"}],"author":[{"embeddable":true,"href":"https:\/\/kortsomgleder.no\/index.php?rest_route=\/wp\/v2\/users\/1"}],"replies":[{"embeddable":true,"href":"https:\/\/kortsomgleder.no\/index.php?rest_route=%2Fwp%2Fv2%2Fcomments&post=86"}],"version-history":[{"count":6,"href":"https:\/\/kortsomgleder.no\/index.php?rest_route=\/wp\/v2\/pages\/86\/revisions"}],"predecessor-version":[{"id":189,"href":"https:\/\/kortsomgleder.no\/index.php?rest_route=\/wp\/v2\/pages\/86\/revisions\/189"}],"wp:attachment":[{"href":"https:\/\/kortsomgleder.no\/index.php?rest_route=%2Fwp%2Fv2%2Fmedia&parent=86"}],"curies":[{"name":"wp","href":"https:\/\/api.w.org\/{rel}","templated":true}]}}